te the remainder when x is divided by y.
1
Suppose 4*i - r = 1395 - 1108, 343 = 5*i + 4*r. What is the remainder when i is divided by 44?
27
Let j(t) = -t + 6. Let n be j(3). Suppose -5*p = -n + 3. Suppose -4*w + s + 115 = p, 5*w - s - 25 = 119. What is the remainder when w is divided by 5?
4
Let w be 6 - (7410/(-75) - (-2)/(-10)). Let l = w - -85. What is the remainder when l is divided by 32?
30
Let n = 113458 + -113415. Suppose -5*s + 74 = -51. What is the remainder when n is divided by s?
18
Let n = -59 - -110. Suppose -3*l - n = -213. Suppose -6 - l = -3*o. What is the remainder when o is divided by 6?
2
Let j(b) = 6*b + 1. Let z(q) = -236*q - 136. Let i be z(-10). Suppose -38*c = 362 - i. What is the remainder when c is divided by j(4)?
24
Let g = 2786 - 2688. What is the remainder when 477 is divided by g?
85
Let w be 111/2*(-4 + 70/15). Suppose 42 = 5*x + f - w, 0 = -3*x - f + 49. Let i = x + -10. Calculate the remainder when 10 is divided by i.
0
Let k be (-1)/(-4) - (-165)/12. Suppose -4*t - k = -2. What is the remainder when 53 is divided by (-8)/(2 + (144/21)/t)?
25
Let f(h) = 10*h**2 - 274*h - 97. What is the remainder when 2908 is divided by f(28)?
68
Let h = -163 - -240. Let z = -5 + 18. What is the remainder when h is divided by z?
12
Suppose 0*t + 44 = 5*t + 2*i, -t + 12 = 2*i. Let a = 46 - 45. Calculate the remainder when a*1/1*13 is divided by t.
5
Let s be 184/115*150/4. Calculate the remainder when ((-11)/((-22)/92))/1 is divided by 27/15*s/9.
10
Let x(y) = -2*y**3 + 23*y**2 - 4*y + 16. Let p be x(13). Let j = 564 + p. Calculate the remainder when 57 is divided by j.
15
Let a = 851 - 841. What is the remainder when (-16)/24*-3 + 34 is divided by a?
6
Suppose 0 = -3*g - 3*y + 180, 5*g - 260 = 65*y - 60*y. Calculate the remainder when 1285 is divided by g.
53
Let k be -15*8/36*3. Let d be ((-1)/(-2) - 1)*k. Suppose -234 = -d*c - 2*u, -105 = -5*c - u + 127. Calculate the remainder when c is divided by 10.
6
Suppose -32*s + 25 + 4459 = -252. Calculate the remainder when s is divided by 119.
29
Let m = -75 + 80. Let p(q) = q**3 - 6*q**2 + 4*q + 7. Let f be p(m). Suppose -2*l + 6 = 0, f*h + 112 = 7*h - l. What is the remainder when h is divided by 14?
9
Let t = -2380 + 2389. Let c(r) = r**2 + 3*r + 1. Let p be c(-4). Suppose -p*z - 45 = -v, 0*v - 4*z = -2*v + 66. Calculate the remainder when v is divided by t.
7
Suppose -36*m = -43*m + 9856. Suppose -m = -86*l + 78*l. Calculate the remainder when l is divided by 92.
84
Suppose 217*i - 227*i = 210. Let l(z) = -z**3 - 21*z**2 - 5*z + 28. Suppose 3*f = -2*f + 75. What is the remainder when l(i) is divided by f?
13
Let x(z) = -24*z - 5. Let r be x(-5). Let g = 2151 + -2227. Let m = r + g. Calculate the remainder when m is divided by 14.
11
Let g be -1 - (5 + -6 - 10). Let h = 33 - 9. Suppose -8*z + g*z = h. Calculate the remainder when 58 is divided by z.
10
Let n = 131 - -693. Suppose 1801 = 3*x - n. What is the remainder when (5 - x/(-30)) + 2/(-12) is divided by 9?
7
Let l = -10097 + 10313. What is the remainder when 2375 is divided by l?
215
What is the remainder when 102 is divided by (-4)/(-12)*159 + (-8)/(3 + -11)?
48
Calculate the remainder when (-3742)/3*(221/26 - 10) is divided by 93.
11
Suppose -150 = i - 6*i. Let x = -229155 - -229270. Calculate the remainder when x is divided by i.
25
Let u = 683 + -668. Let z = -52 + 92. Calculate the remainder when z is divided by u.
10
Suppose -267*d = -156*d - 7104. What is the remainder when 148 is divided by d?
20
Suppose -99*r + 432 = -107*r. What is the remainder when (r/6 + -71)*(0 - 1) is divided by 41?
39
Let k = -6849 + 6971. What is the remainder when k is divided by 67?
55
Suppose -2*b - 16 = 2*b. What is the remainder when (-1 - b)/6*366 is divided by -1 + (-38)/5*-5?
35
Let j(v) = 117*v**3 - 3*v**2 - 1. What is the remainder when j(1) is divided by 30?
23
Let f = -1529 - -1843. What is the remainder when f is divided by 66?
50
Suppose 22*g = 19*g + 12*g - 2142. What is the remainder when g is divided by 48?
46
Suppose -2*s = 3*s - 75. Suppose 12*a + 390 = 17*a. Suppose 9*m - 123 = -a. Calculate the remainder when s is divided by m.
0
Suppose 4225 = 57*f + 64*f - 2067. What is the remainder when 1131 is divided by f?
39
Suppose 77*p = 72*p + 500. What is the remainder when p is divided by (1 - 8/(-10)*-5) + 25?
12
Let s = -338 + 342. Suppose 17 = s*r + 5*w, w + 35 = -11*r + 15*r. Calculate the remainder when 42 is divided by r.
2
Let u(i) = 3 - 3 + 3*i**2 + 19 + 20*i - 7*i. What is the remainder when 37 is divided by u(-4)?
7
Let i(r) = 2*r**3 - 82*r**2 + 7*r - 183. Calculate the remainder when 488 is divided by i(41).
72
Let g(z) = z**3 - 25*z**2 + 185*z + 5. Calculate the remainder when g(13) is divided by 33.
19
Suppose 6*i - 7814 = -926. Suppose -10*p = -i - 522. Calculate the remainder when p is divided by 57.
53
Let n be 17 + 0 + 18/(-6). Let a be 2 + (12*-5)/(-2). Let w = a - n. Calculate the remainder when 51 is divided by w.
15
Suppose w + a - 57 = 0, 203*w - 5*a = 205*w - 117. What is the remainder when 17413 is divided by w?
53
Let h(y) = -8*y**3 + y**2. Let g be h(-1). Suppose 0 = j + 86 - g. Let i = j + 157. What is the remainder when i is divided by 41?
39
Let y be 3*-3*(-28)/(-36). Let r = y + 22. Let n(o) = o**2 + 8*o + 7. What is the remainder when n(4) is divided by r?
10
Suppose w - 2*z + 5*z = 86, 0 = 5*w + 2*z - 365. What is the remainder when w is divided by (-6)/(-15) + (-515)/(-25)?
8
Suppose 25 = t - 10. Calculate the remainder when (1 - -2)*((-1085)/(-15) + -4) is divided by t.
30
Suppose -359*b - 3*v - 3114 = -362*b, 5*v = -3*b + 3170. What is the remainder when b is divided by 322?
79
Suppose 580*g - 811403 = -200663. Calculate the remainder when g is divided by 5.
3
Let b be 4/10 + 78/5. Suppose 0 = 3*f - f - b. What is the remainder when (-7 - 350/(-75))/((-1)/6) is divided by f?
6
Let n = 8594 - 8024. What is the remainder when 1749 is divided by n?
39
Let q(l) be the first derivative of l**4/4 + 7*l**3/3 - 2*l**2 + 5*l + 16. Let r be q(-6). Let c = 102 - r. What is the remainder when c is divided by 20?
17
Suppose y + 1 = 0, 0 = l - 3*l + 4*y + 164. What is the remainder when 49 is divided by 4/(l/732) + (-2)/(-5)?
12
Suppose 15615 = 111*g - 15302 + 7718. Suppose -5*p = 6 - 36. Calculate the remainder when g is divided by p.
5
Let x(d) = 32*d - 14. Let b be x(-6). Let t = -147 - b. What is the remainder when t is divided by 16?
11
Let h = 3810 + -3071. What is the remainder when h is divided by 107?
97
Suppose -2214*o + 2222*o = -10976. Let h = -3 - -3. Calculate the remainder when 89 is divided by o/(-49) - (h + -1 - 1).
29
Let o(x) = 4 + 5*x - 6 - 9*x. Let k = -88 - -189. What is the remainder when k is divided by o(-9)?
33
Let q = 52253 + -42354. Calculate the remainder when q is divided by 60.
59
Suppose -8 = -2*f, v - 3*f - 1026 + 238 = 0. Suppose -v + 116 = -9*a. What is the remainder when 227 is divided by a?
75
Let t(d) = d**2 - 18*d + 26. Let a be t(14). Let h be 3/15 + 96/a. Calculate the remainder when (-12)/h - (-27 + -2) is divided by 18.
15
Suppose -24*g - 36 = -28*g. Let y be (-387)/g - (-1 - 3). Let u = y + 50. Calculate the remainder when u is divided by 2.
1
Let p = -3500 - -3578. Calculate the remainder when p is divided by 14.
8
Let l be 0/((8/(-10))/((-16)/40)). Suppose l = -4*m + 3*w + 15, 2*m + 3*w + 9 = 4*m. What is the remainder when m is divided by 2?
1
Let b = 119836 + -119815. Let i(m) = 22*m + 5. What is the remainder when i(5) is divided by b?
10
Suppose 78 = z - 33. Let s = z + -57. What is the remainder when s is divided by 14?
12
Suppose -v - 9*o = -14*o - 3, 3*o = 0. Suppose -3*j + 77 = 2*w, -3*w + v*j + 0*j = -123. What is the remainder when w is divided by 3?
1
Let z(q) = -2*q - 50. Let s be z(-25). Suppose s = 9*l - 11 - 16. Suppose 1 + l = 2*r. Calculate the remainder when 6 is divided by r.
0
Suppose -9*s + 5*s + 1724 = 2*u, -4*u + 3441 = s. What is the remainder when u is divided by 29?
19
Let b(p) = 3 - 2*p**2 + 54*p**3 + 22*p - 29*p**3 - 26*p**3 + 4. What is the remainder when 491 is divided by b(-6)?
16
Suppose 5*b = -2*y - 7, -3*y + y + 3*b + 17 = 0. Let j be ((-27)/6 + y)*-150. Let c = -15 + j. What is the remainder when c is divided by 21?
